{"id":106,"date":"2022-10-01T10:59:58","date_gmt":"2022-10-01T10:59:58","guid":{"rendered":"https:\/\/calidi.ch\/index.php\/about\/"},"modified":"2023-01-26T15:51:47","modified_gmt":"2023-01-26T15:51:47","slug":"about","status":"publish","type":"page","link":"https:\/\/calidi.ch\/index.php\/about\/","title":{"rendered":"About"},"content":{"rendered":"\t\t<div data-elementor-type=\"wp-page\" data-elementor-id=\"106\" class=\"elementor elementor-106\" data-elementor-post-type=\"page\">\n\t\t\t\t\t\t<section class=\"elementor-section elementor-top-section elementor-element elementor-element-11c92d28 elementor-section-content-middle elementor-section-boxed elementor-section-height-default elementor-section-height-default\" data-id=\"11c92d28\" data-element_type=\"section\" data-e-type=\"section\" data-settings=\"{&quot;background_background&quot;:&quot;classic&quot;}\">\n\t\t\t\t\t\t<div class=\"elementor-container elementor-column-gap-no\">\n\t\t\t\t\t<div class=\"elementor-column elementor-col-50 elementor-top-column elementor-element elementor-element-f1ac636\" data-id=\"f1ac636\" data-element_type=\"column\" data-e-type=\"column\">\n\t\t\t<div class=\"elementor-widget-wrap elementor-element-populated\">\n\t\t\t\t\t\t<div class=\"elementor-element elementor-element-16fd5df2 elementor-widget elementor-widget-heading\" data-id=\"16fd5df2\" data-element_type=\"widget\" data-e-type=\"widget\" data-widget_type=\"heading.default\">\n\t\t\t\t<div class=\"elementor-widget-container\">\n\t\t\t\t\t<h1 class=\"elementor-heading-title elementor-size-default\">\u00dcber mich<\/h1>\t\t\t\t<\/div>\n\t\t\t\t<\/div>\n\t\t\t\t<div class=\"elementor-element elementor-element-4f4897b2 elementor-widget elementor-widget-text-editor\" data-id=\"4f4897b2\" data-element_type=\"widget\" data-e-type=\"widget\" data-widget_type=\"text-editor.default\">\n\t\t\t\t<div class=\"elementor-widget-container\">\n\t\t\t\t\t\t\t\t\t<p>Als gelernter Maurer und einer abgeschlossenen Weiterbildung an der KS-Kaderschule in St. Gallen, bin ich im Jahr 1999 in die Schweiz nationale Transportbranche eingestiegen. (Sachbearbeiter Verkauf Innendienst) Bereits nach 14 Monaten wurde ich Leiter Verkauf und Kundendienst.<\/p>\n<p>Ab 2002 befasste ich mich mit internationalen Transporten und spezialisierte mein Geschick im Sales Bereich. Meine Erfolge sprachen sich schnell herum in der Branche und j\u00e4hrlich wurden mir neue, attraktivere und verantwortungsvollere Jobs angeboten. Als Mitglied des Kaders oder der Gesch\u00e4ftsleitung durfte ich Verkaufsstrukturen auf- und ausbauen.<\/p>\n<p>Meine letzte T\u00e4tigkeit als Mitglied der Gesch\u00e4ftsleitung in einem 4PL Unternehmen umfasste die globale Verantwortung in den Bereichen Sales und Marketing. Meine Umsatzverantwortung* betrug \u00fcber 300 Mio. Euro \/Jahr. Dieses Transportvolumen wurde weltweit mit &gt;150 Dienstleistern abgewickelt. (Land, Luft und Wasser)<\/p>\n<p>* W\u00fcrth Logistics AG <span lang=\"en-US\">S<\/span>tart im<\/p>\n<p><span lang=\"en-US\">Jahr <\/span>2014 <strong>90 Mio<\/strong> Euro Umsatz<\/p>\n<p><span lang=\"en-US\">Jahr <\/span>2022 <b>324<\/b><span lang=\"en-US\"><strong>&nbsp;Mio<\/strong> Euro Umsatz<\/span><\/p>\t\t\t\t\t\t\t\t<\/div>\n\t\t\t\t<\/div>\n\t\t\t\t<div class=\"elementor-element elementor-element-63e613c e-grid-align-left elementor-shape-rounded elementor-grid-0 elementor-widget elementor-widget-social-icons\" data-id=\"63e613c\" data-element_type=\"widget\" data-e-type=\"widget\" data-widget_type=\"social-icons.default\">\n\t\t\t\t<div class=\"elementor-widget-container\">\n\t\t\t\t\t\t\t<div class=\"elementor-social-icons-wrapper elementor-grid\">\n\t\t\t\t\t\t\t<span class=\"elementor-grid-item\">\n\t\t\t\t\t<a class=\"elementor-icon elementor-social-icon elementor-social-icon-linkedin elementor-repeater-item-5dcfebd\" href=\"https:\/\/www.linkedin.com\/in\/reto-niederer-75b81652?lipi=urn%3Ali%3Apage%3Ad_flagship3_profile_view_base_contact_details%3BOZDZgApySaucPqGx%2BpJmpQ%3D%3D\" target=\"_blank\">\n\t\t\t\t\t\t<span class=\"elementor-screen-only\">Linkedin<\/span>\n\t\t\t\t\t\t<i aria-hidden=\"true\" class=\"fab fa-linkedin\"><\/i>\t\t\t\t\t<\/a>\n\t\t\t\t<\/span>\n\t\t\t\t\t<\/div>\n\t\t\t\t\t\t<\/div>\n\t\t\t\t<\/div>\n\t\t\t\t\t<\/div>\n\t\t<\/div>\n\t\t\t\t<div class=\"elementor-column elementor-col-50 elementor-top-column elementor-element elementor-element-1bcfda77\" data-id=\"1bcfda77\" data-element_type=\"column\" data-e-type=\"column\">\n\t\t\t<div class=\"elementor-widget-wrap elementor-element-populated\">\n\t\t\t\t\t\t<div class=\"elementor-element elementor-element-54ea5ea6 animated-slow elementor-invisible elementor-widget elementor-widget-image\" data-id=\"54ea5ea6\" data-element_type=\"widget\" data-e-type=\"widget\" data-settings=\"{&quot;_animation&quot;:&quot;slideInLeft&quot;}\" data-widget_type=\"image.default\">\n\t\t\t\t<div class=\"elementor-widget-container\">\n\t\t\t\t\t\t\t\t\t\t\t\t\t\t\t<img fetchpriority=\"high\" decoding=\"async\" width=\"1280\" height=\"853\" src=\"https:\/\/calidi.ch\/wp-content\/uploads\/2022\/10\/photo_2022-10-01_13-36-17.jpg\" class=\"attachment-full size-full wp-image-162\" alt=\"\" srcset=\"https:\/\/calidi.ch\/wp-content\/uploads\/2022\/10\/photo_2022-10-01_13-36-17.jpg 1280w, https:\/\/calidi.ch\/wp-content\/uploads\/2022\/10\/photo_2022-10-01_13-36-17-300x200.jpg 300w, https:\/\/calidi.ch\/wp-content\/uploads\/2022\/10\/photo_2022-10-01_13-36-17-1024x682.jpg 1024w, https:\/\/calidi.ch\/wp-content\/uploads\/2022\/10\/photo_2022-10-01_13-36-17-768x512.jpg 768w\" sizes=\"(max-width: 1280px) 100vw, 1280px\" \/>\t\t\t\t\t\t\t\t\t\t\t\t\t\t\t<\/div>\n\t\t\t\t<\/div>\n\t\t\t\t\t<\/div>\n\t\t<\/div>\n\t\t\t\t\t<\/div>\n\t\t<\/section>\n\t\t\t\t<section class=\"elementor-section elementor-top-section elementor-element elementor-element-38c75d2c elementor-section-content-middle elementor-reverse-tablet elementor-reverse-mobile elementor-section-boxed elementor-section-height-default elementor-section-height-default\" data-id=\"38c75d2c\" data-element_type=\"section\" data-e-type=\"section\" data-settings=\"{&quot;background_background&quot;:&quot;classic&quot;}\">\n\t\t\t\t\t\t<div class=\"elementor-container elementor-column-gap-no\">\n\t\t\t\t\t<div class=\"elementor-column elementor-col-50 elementor-top-column elementor-element elementor-element-239ee0a3\" data-id=\"239ee0a3\" data-element_type=\"column\" data-e-type=\"column\">\n\t\t\t<div class=\"elementor-widget-wrap elementor-element-populated\">\n\t\t\t\t\t\t<div class=\"elementor-element elementor-element-e25278 animated-slow e-transform elementor-invisible elementor-widget elementor-widget-image\" data-id=\"e25278\" data-element_type=\"widget\" data-e-type=\"widget\" data-settings=\"{&quot;_animation&quot;:&quot;rotateInDownRight&quot;,&quot;_transform_rotateZ_effect&quot;:{&quot;unit&quot;:&quot;px&quot;,&quot;size&quot;:-15,&quot;sizes&quot;:[]},&quot;_transform_rotateZ_effect_tablet&quot;:{&quot;unit&quot;:&quot;deg&quot;,&quot;size&quot;:&quot;&quot;,&quot;sizes&quot;:[]},&quot;_transform_rotateZ_effect_mobile&quot;:{&quot;unit&quot;:&quot;deg&quot;,&quot;size&quot;:&quot;&quot;,&quot;sizes&quot;:[]}}\" data-widget_type=\"image.default\">\n\t\t\t\t<div class=\"elementor-widget-container\">\n\t\t\t\t\t\t\t\t\t\t\t\t\t\t\t<img decoding=\"async\" width=\"2560\" height=\"1709\" src=\"https:\/\/calidi.ch\/wp-content\/uploads\/2022\/10\/imagen-pagina-reto-scaled.jpg\" class=\"attachment-full size-full wp-image-205\" alt=\"\" srcset=\"https:\/\/calidi.ch\/wp-content\/uploads\/2022\/10\/imagen-pagina-reto-scaled.jpg 2560w, https:\/\/calidi.ch\/wp-content\/uploads\/2022\/10\/imagen-pagina-reto-300x200.jpg 300w, https:\/\/calidi.ch\/wp-content\/uploads\/2022\/10\/imagen-pagina-reto-1024x684.jpg 1024w, https:\/\/calidi.ch\/wp-content\/uploads\/2022\/10\/imagen-pagina-reto-768x513.jpg 768w, https:\/\/calidi.ch\/wp-content\/uploads\/2022\/10\/imagen-pagina-reto-1536x1025.jpg 1536w, https:\/\/calidi.ch\/wp-content\/uploads\/2022\/10\/imagen-pagina-reto-2048x1367.jpg 2048w\" sizes=\"(max-width: 2560px) 100vw, 2560px\" \/>\t\t\t\t\t\t\t\t\t\t\t\t\t\t\t<\/div>\n\t\t\t\t<\/div>\n\t\t\t\t\t<\/div>\n\t\t<\/div>\n\t\t\t\t<div class=\"elementor-column elementor-col-50 elementor-top-column elementor-element elementor-element-7c887588\" data-id=\"7c887588\" data-element_type=\"column\" data-e-type=\"column\">\n\t\t\t<div class=\"elementor-widget-wrap elementor-element-populated\">\n\t\t\t\t\t\t<div class=\"elementor-element elementor-element-587e8b7d elementor-widget elementor-widget-heading\" data-id=\"587e8b7d\" data-element_type=\"widget\" data-e-type=\"widget\" data-widget_type=\"heading.default\">\n\t\t\t\t<div class=\"elementor-widget-container\">\n\t\t\t\t\t<h2 class=\"elementor-heading-title elementor-size-default\">Mein Erfolgsrezept<\/h2>\t\t\t\t<\/div>\n\t\t\t\t<\/div>\n\t\t\t\t<div class=\"elementor-element elementor-element-51ee9584 elementor-widget elementor-widget-text-editor\" data-id=\"51ee9584\" data-element_type=\"widget\" data-e-type=\"widget\" data-widget_type=\"text-editor.default\">\n\t\t\t\t<div class=\"elementor-widget-container\">\n\t\t\t\t\t\t\t\t\t<p>Meine gr\u00f6sste Herausforderung in all den Jahren bestand darin, f\u00e4hige, erfolgreiche Verkaufsaussendienstmitarbeiter zu rekrutieren und diese auszubilden.<\/p><p>Mein Erfolgsrezept war stets Neugesch\u00e4fte zu generieren und mein bestehendes Team, durch t\u00e4gliches Vormachen, zu motivieren. \u00dcber all die Jahre profitierten dabei mehrere hundert KMU, sowie meine Arbeitsgeber. Die Grundvoraussetzung f\u00fcr solche Resultate ist ein exzellentes Know-how in allen logistischen Bereichen und Prozessen.<\/p>\t\t\t\t\t\t\t\t<\/div>\n\t\t\t\t<\/div>\n\t\t\t\t\t<\/div>\n\t\t<\/div>\n\t\t\t\t\t<\/div>\n\t\t<\/section>\n\t\t\t\t<section class=\"elementor-section elementor-top-section elementor-element elementor-element-bef36ae elementor-section-boxed elementor-section-height-default elementor-section-height-default\" data-id=\"bef36ae\" data-element_type=\"section\" data-e-type=\"section\" data-settings=\"{&quot;background_background&quot;:&quot;classic&quot;}\">\n\t\t\t\t\t\t<div class=\"elementor-container elementor-column-gap-no\">\n\t\t\t\t\t<div class=\"elementor-column elementor-col-100 elementor-top-column elementor-element elementor-element-54fd6e\" data-id=\"54fd6e\" data-element_type=\"column\" data-e-type=\"column\">\n\t\t\t<div class=\"elementor-widget-wrap elementor-element-populated\">\n\t\t\t\t\t\t<div class=\"elementor-element elementor-element-330e5467 elementor-widget elementor-widget-image\" data-id=\"330e5467\" data-element_type=\"widget\" data-e-type=\"widget\" data-widget_type=\"image.default\">\n\t\t\t\t<div class=\"elementor-widget-container\">\n\t\t\t\t\t\t\t\t\t\t\t\t\t\t\t<img decoding=\"async\" width=\"800\" height=\"600\" src=\"https:\/\/calidi.ch\/wp-content\/uploads\/2022\/10\/quantumleap1-1024x768.jpg\" class=\"attachment-large size-large wp-image-287\" alt=\"\" srcset=\"https:\/\/calidi.ch\/wp-content\/uploads\/2022\/10\/quantumleap1-1024x768.jpg 1024w, https:\/\/calidi.ch\/wp-content\/uploads\/2022\/10\/quantumleap1-300x225.jpg 300w, https:\/\/calidi.ch\/wp-content\/uploads\/2022\/10\/quantumleap1-768x576.jpg 768w, https:\/\/calidi.ch\/wp-content\/uploads\/2022\/10\/quantumleap1-1536x1152.jpg 1536w, https:\/\/calidi.ch\/wp-content\/uploads\/2022\/10\/quantumleap1.jpg 2048w\" sizes=\"(max-width: 800px) 100vw, 800px\" \/>\t\t\t\t\t\t\t\t\t\t\t\t\t\t\t<\/div>\n\t\t\t\t<\/div>\n\t\t\t\t<div class=\"elementor-element elementor-element-2f0c3350 elementor-widget elementor-widget-heading\" data-id=\"2f0c3350\" data-element_type=\"widget\" data-e-type=\"widget\" data-widget_type=\"heading.default\">\n\t\t\t\t<div class=\"elementor-widget-container\">\n\t\t\t\t\t<h2 class=\"elementor-heading-title elementor-size-default\">Sind sie bereit f\u00fcr den quantensprung?<\/h2>\t\t\t\t<\/div>\n\t\t\t\t<\/div>\n\t\t\t\t<div class=\"elementor-element elementor-element-e8bdd45 elementor-widget elementor-widget-text-editor\" data-id=\"e8bdd45\" data-element_type=\"widget\" data-e-type=\"widget\" data-widget_type=\"text-editor.default\">\n\t\t\t\t<div class=\"elementor-widget-container\">\n\t\t\t\t\t\t\t\t\t<p><em>\u201eDie Definition von Wahnsinn ist, immer wieder das Gleiche zu tun und andere Ergebnisse zu erwarten.\u201c<\/em><\/p>\t\t\t\t\t\t\t\t<\/div>\n\t\t\t\t<\/div>\n\t\t\t\t<div class=\"elementor-element elementor-element-798ce51 elementor-align-center elementor-invisible elementor-widget elementor-widget-button\" data-id=\"798ce51\" data-element_type=\"widget\" data-e-type=\"widget\" data-settings=\"{&quot;_animation&quot;:&quot;pulse&quot;}\" data-widget_type=\"button.default\">\n\t\t\t\t<div class=\"elementor-widget-container\">\n\t\t\t\t\t\t\t\t\t<div class=\"elementor-button-wrapper\">\n\t\t\t\t\t<a class=\"elementor-button elementor-button-link elementor-size-sm elementor-animation-float\" href=\"https:\/\/calidi.ch\/index.php\/contact\/\">\n\t\t\t\t\t\t<span class=\"elementor-button-content-wrapper\">\n\t\t\t\t\t\t\t\t\t<span class=\"elementor-button-text\">Ja! Gerne<\/span>\n\t\t\t\t\t<\/span>\n\t\t\t\t\t<\/a>\n\t\t\t\t<\/div>\n\t\t\t\t\t\t\t\t<\/div>\n\t\t\t\t<\/div>\n\t\t\t\t\t<\/div>\n\t\t<\/div>\n\t\t\t\t\t<\/div>\n\t\t<\/section>\n\t\t\t\t<\/div>\n\t\t","protected":false},"excerpt":{"rendered":"<p>\u00dcber mich Als gelernter Maurer und einer abgeschlossenen Weiterbildung an der KS-Kaderschule in St. Gallen, bin ich im Jahr 1999 in die Schweiz nationale Transportbranche eingestiegen. (Sachbearbeiter Verkauf Innendienst) Bereits nach 14 Monaten wurde ich Leiter Verkauf und Kundendienst. Ab 2002 befasste ich mich mit internationalen Transporten und spezialisierte mein Geschick im Sales Bereich. Meine [&hellip;]<\/p>\n","protected":false},"author":1,"featured_media":0,"parent":0,"menu_order":0,"comment_status":"closed","ping_status":"closed","template":"elementor_header_footer","meta":{"om_disable_all_campaigns":false,"_monsterinsights_skip_tracking":false,"_monsterinsights_sitenote_active":false,"_monsterinsights_sitenote_note":"","_monsterinsights_sitenote_category":0,"footnotes":""},"class_list":["post-106","page","type-page","status-publish","hentry"],"aioseo_notices":[],"yoast_head":"<!-- This site is optimized with the Yoast SEO plugin v27.1.1 - https:\/\/yoast.com\/product\/yoast-seo-wordpress\/ -->\n<title>About - Calidi AG<\/title>\n<meta name=\"description\" content=\"Als gelernter Maurer, nach einer absolvierten Ausbildung an der Kaderschule in St. Gallen, fand ich den Quereinstieg als Sachbearbeiter Verkauf Innendienst in der Transportbranche in einem renomierten Schweiz nationalen Transport- unternehmen.\" \/>\n<meta name=\"robots\" content=\"index, follow, max-snippet:-1, max-image-preview:large, max-video-preview:-1\" \/>\n<link rel=\"canonical\" href=\"https:\/\/calidi.ch\/index.php\/about\/\" \/>\n<meta property=\"og:locale\" content=\"en_US\" \/>\n<meta property=\"og:type\" content=\"article\" \/>\n<meta property=\"og:title\" content=\"About - Calidi AG\" \/>\n<meta property=\"og:description\" content=\"Als gelernter Maurer, nach einer absolvierten Ausbildung an der Kaderschule in St. Gallen, fand ich den Quereinstieg als Sachbearbeiter Verkauf Innendienst in der Transportbranche in einem renomierten Schweiz nationalen Transport- unternehmen.\" \/>\n<meta property=\"og:url\" content=\"https:\/\/calidi.ch\/index.php\/about\/\" \/>\n<meta property=\"og:site_name\" content=\"Calidi AG\" \/>\n<meta property=\"article:modified_time\" content=\"2023-01-26T15:51:47+00:00\" \/>\n<meta property=\"og:image\" content=\"https:\/\/calidi.ch\/wp-content\/uploads\/2022\/10\/photo_2022-10-01_13-36-17.jpg\" \/>\n<meta name=\"twitter:card\" content=\"summary_large_image\" \/>\n<meta name=\"twitter:label1\" content=\"Est. reading time\" \/>\n\t<meta name=\"twitter:data1\" content=\"2 minutes\" \/>\n<script type=\"application\/ld+json\" class=\"yoast-schema-graph\">{\"@context\":\"https:\/\/schema.org\",\"@graph\":[{\"@type\":\"WebPage\",\"@id\":\"https:\/\/calidi.ch\/index.php\/about\/\",\"url\":\"https:\/\/calidi.ch\/index.php\/about\/\",\"name\":\"About - Calidi AG\",\"isPartOf\":{\"@id\":\"https:\/\/calidi.ch\/#website\"},\"primaryImageOfPage\":{\"@id\":\"https:\/\/calidi.ch\/index.php\/about\/#primaryimage\"},\"image\":{\"@id\":\"https:\/\/calidi.ch\/index.php\/about\/#primaryimage\"},\"thumbnailUrl\":\"https:\/\/calidi.ch\/wp-content\/uploads\/2022\/10\/photo_2022-10-01_13-36-17.jpg\",\"datePublished\":\"2022-10-01T10:59:58+00:00\",\"dateModified\":\"2023-01-26T15:51:47+00:00\",\"description\":\"Als gelernter Maurer, nach einer absolvierten Ausbildung an der Kaderschule in St. Gallen, fand ich den Quereinstieg als Sachbearbeiter Verkauf Innendienst in der Transportbranche in einem renomierten Schweiz nationalen Transport- unternehmen.\",\"breadcrumb\":{\"@id\":\"https:\/\/calidi.ch\/index.php\/about\/#breadcrumb\"},\"inLanguage\":\"en-US\",\"potentialAction\":[{\"@type\":\"ReadAction\",\"target\":[\"https:\/\/calidi.ch\/index.php\/about\/\"]}]},{\"@type\":\"ImageObject\",\"inLanguage\":\"en-US\",\"@id\":\"https:\/\/calidi.ch\/index.php\/about\/#primaryimage\",\"url\":\"https:\/\/calidi.ch\/wp-content\/uploads\/2022\/10\/photo_2022-10-01_13-36-17.jpg\",\"contentUrl\":\"https:\/\/calidi.ch\/wp-content\/uploads\/2022\/10\/photo_2022-10-01_13-36-17.jpg\",\"width\":1280,\"height\":853},{\"@type\":\"BreadcrumbList\",\"@id\":\"https:\/\/calidi.ch\/index.php\/about\/#breadcrumb\",\"itemListElement\":[{\"@type\":\"ListItem\",\"position\":1,\"name\":\"Home\",\"item\":\"https:\/\/calidi.ch\/\"},{\"@type\":\"ListItem\",\"position\":2,\"name\":\"About\"}]},{\"@type\":\"WebSite\",\"@id\":\"https:\/\/calidi.ch\/#website\",\"url\":\"https:\/\/calidi.ch\/\",\"name\":\"Calidi AG\",\"description\":\"Connecting Business\",\"publisher\":{\"@id\":\"https:\/\/calidi.ch\/#organization\"},\"potentialAction\":[{\"@type\":\"SearchAction\",\"target\":{\"@type\":\"EntryPoint\",\"urlTemplate\":\"https:\/\/calidi.ch\/?s={search_term_string}\"},\"query-input\":{\"@type\":\"PropertyValueSpecification\",\"valueRequired\":true,\"valueName\":\"search_term_string\"}}],\"inLanguage\":\"en-US\"},{\"@type\":\"Organization\",\"@id\":\"https:\/\/calidi.ch\/#organization\",\"name\":\"Calidi AG\",\"url\":\"https:\/\/calidi.ch\/\",\"logo\":{\"@type\":\"ImageObject\",\"inLanguage\":\"en-US\",\"@id\":\"https:\/\/calidi.ch\/#\/schema\/logo\/image\/\",\"url\":\"https:\/\/calidi.ch\/wp-content\/uploads\/2022\/10\/cropped-cropped-cropped-cropped-cropped-Transparent-Logo-calidi-ag-inverted-1.png\",\"contentUrl\":\"https:\/\/calidi.ch\/wp-content\/uploads\/2022\/10\/cropped-cropped-cropped-cropped-cropped-Transparent-Logo-calidi-ag-inverted-1.png\",\"width\":1945,\"height\":686,\"caption\":\"Calidi AG\"},\"image\":{\"@id\":\"https:\/\/calidi.ch\/#\/schema\/logo\/image\/\"}}]}<\/script>\n<!-- \/ Yoast SEO plugin. -->","yoast_head_json":{"title":"About - Calidi AG","description":"Als gelernter Maurer, nach einer absolvierten Ausbildung an der Kaderschule in St. Gallen, fand ich den Quereinstieg als Sachbearbeiter Verkauf Innendienst in der Transportbranche in einem renomierten Schweiz nationalen Transport- unternehmen.","robots":{"index":"index","follow":"follow","max-snippet":"max-snippet:-1","max-image-preview":"max-image-preview:large","max-video-preview":"max-video-preview:-1"},"canonical":"https:\/\/calidi.ch\/index.php\/about\/","og_locale":"en_US","og_type":"article","og_title":"About - Calidi AG","og_description":"Als gelernter Maurer, nach einer absolvierten Ausbildung an der Kaderschule in St. Gallen, fand ich den Quereinstieg als Sachbearbeiter Verkauf Innendienst in der Transportbranche in einem renomierten Schweiz nationalen Transport- unternehmen.","og_url":"https:\/\/calidi.ch\/index.php\/about\/","og_site_name":"Calidi AG","article_modified_time":"2023-01-26T15:51:47+00:00","og_image":[{"url":"https:\/\/calidi.ch\/wp-content\/uploads\/2022\/10\/photo_2022-10-01_13-36-17.jpg","type":"","width":"","height":""}],"twitter_card":"summary_large_image","twitter_misc":{"Est. reading time":"2 minutes"},"schema":{"@context":"https:\/\/schema.org","@graph":[{"@type":"WebPage","@id":"https:\/\/calidi.ch\/index.php\/about\/","url":"https:\/\/calidi.ch\/index.php\/about\/","name":"About - Calidi AG","isPartOf":{"@id":"https:\/\/calidi.ch\/#website"},"primaryImageOfPage":{"@id":"https:\/\/calidi.ch\/index.php\/about\/#primaryimage"},"image":{"@id":"https:\/\/calidi.ch\/index.php\/about\/#primaryimage"},"thumbnailUrl":"https:\/\/calidi.ch\/wp-content\/uploads\/2022\/10\/photo_2022-10-01_13-36-17.jpg","datePublished":"2022-10-01T10:59:58+00:00","dateModified":"2023-01-26T15:51:47+00:00","description":"Als gelernter Maurer, nach einer absolvierten Ausbildung an der Kaderschule in St. Gallen, fand ich den Quereinstieg als Sachbearbeiter Verkauf Innendienst in der Transportbranche in einem renomierten Schweiz nationalen Transport- unternehmen.","breadcrumb":{"@id":"https:\/\/calidi.ch\/index.php\/about\/#breadcrumb"},"inLanguage":"en-US","potentialAction":[{"@type":"ReadAction","target":["https:\/\/calidi.ch\/index.php\/about\/"]}]},{"@type":"ImageObject","inLanguage":"en-US","@id":"https:\/\/calidi.ch\/index.php\/about\/#primaryimage","url":"https:\/\/calidi.ch\/wp-content\/uploads\/2022\/10\/photo_2022-10-01_13-36-17.jpg","contentUrl":"https:\/\/calidi.ch\/wp-content\/uploads\/2022\/10\/photo_2022-10-01_13-36-17.jpg","width":1280,"height":853},{"@type":"BreadcrumbList","@id":"https:\/\/calidi.ch\/index.php\/about\/#breadcrumb","itemListElement":[{"@type":"ListItem","position":1,"name":"Home","item":"https:\/\/calidi.ch\/"},{"@type":"ListItem","position":2,"name":"About"}]},{"@type":"WebSite","@id":"https:\/\/calidi.ch\/#website","url":"https:\/\/calidi.ch\/","name":"Calidi AG","description":"Connecting Business","publisher":{"@id":"https:\/\/calidi.ch\/#organization"},"potentialAction":[{"@type":"SearchAction","target":{"@type":"EntryPoint","urlTemplate":"https:\/\/calidi.ch\/?s={search_term_string}"},"query-input":{"@type":"PropertyValueSpecification","valueRequired":true,"valueName":"search_term_string"}}],"inLanguage":"en-US"},{"@type":"Organization","@id":"https:\/\/calidi.ch\/#organization","name":"Calidi AG","url":"https:\/\/calidi.ch\/","logo":{"@type":"ImageObject","inLanguage":"en-US","@id":"https:\/\/calidi.ch\/#\/schema\/logo\/image\/","url":"https:\/\/calidi.ch\/wp-content\/uploads\/2022\/10\/cropped-cropped-cropped-cropped-cropped-Transparent-Logo-calidi-ag-inverted-1.png","contentUrl":"https:\/\/calidi.ch\/wp-content\/uploads\/2022\/10\/cropped-cropped-cropped-cropped-cropped-Transparent-Logo-calidi-ag-inverted-1.png","width":1945,"height":686,"caption":"Calidi AG"},"image":{"@id":"https:\/\/calidi.ch\/#\/schema\/logo\/image\/"}}]}},"_links":{"self":[{"href":"https:\/\/calidi.ch\/index.php\/wp-json\/wp\/v2\/pages\/106","targetHints":{"allow":["GET"]}}],"collection":[{"href":"https:\/\/calidi.ch\/index.php\/wp-json\/wp\/v2\/pages"}],"about":[{"href":"https:\/\/calidi.ch\/index.php\/wp-json\/wp\/v2\/types\/page"}],"author":[{"embeddable":true,"href":"https:\/\/calidi.ch\/index.php\/wp-json\/wp\/v2\/users\/1"}],"replies":[{"embeddable":true,"href":"https:\/\/calidi.ch\/index.php\/wp-json\/wp\/v2\/comments?post=106"}],"version-history":[{"count":90,"href":"https:\/\/calidi.ch\/index.php\/wp-json\/wp\/v2\/pages\/106\/revisions"}],"predecessor-version":[{"id":1048,"href":"https:\/\/calidi.ch\/index.php\/wp-json\/wp\/v2\/pages\/106\/revisions\/1048"}],"wp:attachment":[{"href":"https:\/\/calidi.ch\/index.php\/wp-json\/wp\/v2\/media?parent=106"}],"curies":[{"name":"wp","href":"https:\/\/api.w.org\/{rel}","templated":true}]}}